{"id":1956,"date":"2023-01-02T16:21:32","date_gmt":"2023-01-02T15:21:32","guid":{"rendered":"https:\/\/d-nest.be\/?post_type=rem_property&#038;p=1956"},"modified":"2026-02-11T09:30:54","modified_gmt":"2026-02-11T08:30:54","slug":"maison-3-chambres-a-wavre","status":"publish","type":"rem_property","link":"https:\/\/d-nest.be\/index.php\/property\/maison-3-chambres-a-wavre\/","title":{"rendered":"Maison 3 chambres \u00e0 louer \u00e0 Wavre"},"content":{"rendered":"<p>D-nest Immobili\u00e8re vous pr\u00e9sente cette maison de ville enti\u00e8rement remise \u00e0 neuf, situ\u00e9e au coeur de Wavre et \u00e0 proximit\u00e9 de ses commerces.<br \/>\nLa maison comporte, au rez, un bel espace s\u00e9jour avec cuisine \u00e9quip\u00e9e (hotte, taque, four et lave-vaisselle) ainsi qu&#8217;une petite cour int\u00e9rieure.<br \/>\nAu 1er \u00e9tage, un hall de nuit, 1 chambres et un espace buanderie avec wc.<br \/>\nAu second, un hall de nuit, 1 seconde chambre et une salle de douche avec wc, et au troisi\u00e8me \u00e9tage, un bel espace chambre suppl\u00e9mentaire.<br \/>\nSituation id\u00e9ale pour cette maison sise \u00e0 proximit\u00e9 imm\u00e9diate de la gare\u00a0 et du TEC!<br \/>\nChaudi\u00e8re gaz de ville, ch\u00e2ssis PVC double vitrage.<\/p>\n<p>PEB B (certificat n\u00b020240313012956); E sp\u00e9cifique: 89 kWh\/m\u00b2.an; E totale: 8500 kWh\/an<br \/>\nGarantie locative \u00e9quivalente \u00e0 2 mois de loyer, \u00e9tat des lieux par expert et \u00e0 frais partag\u00e9s.<\/p>\n<p>Libre au 01\/02\/2026. Id\u00e9al pour colocation<br \/>\nVisite uniquement sur rdv, au 0492\/088826 ou via email: david@d-nest.be<\/p>\n","protected":false},"excerpt":{"rendered":"<p>D-nest Immobili\u00e8re vous pr\u00e9sente cette maison de ville enti\u00e8rement remise \u00e0 neuf, situ\u00e9e au coeur de Wavre et \u00e0 proximit\u00e9 de ses commerces. La maison comporte, au rez, un bel espace s\u00e9jour avec cuisine \u00e9quip\u00e9e (hotte, taque, four et lave-vaisselle) ainsi qu&#8217;une petite cour int\u00e9rieure. Au 1er \u00e9tage, un hall de nuit, 1 chambres et [&hellip;]<\/p>\n","protected":false},"author":2,"featured_media":2014,"parent":0,"menu_order":0,"template":"","rem_property_cat":[],"class_list":["post-1956","rem_property","type-rem_property","status-publish","has-post-thumbnail","hentry"],"yoast_head":"<!-- This site is optimized with the Yoast SEO plugin v24.6 - https:\/\/yoast.com\/wordpress\/plugins\/seo\/ -->\n<title>Maison 3 chambres \u00e0 louer \u00e0 Wavre - D-nest<\/title>\n<meta name=\"robots\" content=\"index, follow, max-snippet:-1, max-image-preview:large, max-video-preview:-1\" \/>\n<link rel=\"canonical\" href=\"https:\/\/d-nest.be\/index.php\/property\/maison-3-chambres-a-wavre\/\" \/>\n<meta property=\"og:locale\" content=\"en_US\" \/>\n<meta property=\"og:type\" content=\"article\" \/>\n<meta property=\"og:title\" content=\"Maison 3 chambres \u00e0 louer \u00e0 Wavre - D-nest\" \/>\n<meta property=\"og:description\" content=\"D-nest Immobili\u00e8re vous pr\u00e9sente cette maison de ville enti\u00e8rement remise \u00e0 neuf, situ\u00e9e au coeur de Wavre et \u00e0 proximit\u00e9 de ses commerces. La maison comporte, au rez, un bel espace s\u00e9jour avec cuisine \u00e9quip\u00e9e (hotte, taque, four et lave-vaisselle) ainsi qu&#8217;une petite cour int\u00e9rieure. Au 1er \u00e9tage, un hall de nuit, 1 chambres et [&hellip;]\" \/>\n<meta property=\"og:url\" content=\"https:\/\/d-nest.be\/index.php\/property\/maison-3-chambres-a-wavre\/\" \/>\n<meta property=\"og:site_name\" content=\"D-nest\" \/>\n<meta property=\"article:modified_time\" content=\"2026-02-11T08:30:54+00:00\" \/>\n<meta property=\"og:image\" content=\"https:\/\/d-nest.be\/wp-content\/uploads\/2024\/05\/20240312_100549-1-scaled.jpg\" \/>\n\t<meta property=\"og:image:width\" content=\"1154\" \/>\n\t<meta property=\"og:image:height\" content=\"2560\" \/>\n\t<meta property=\"og:image:type\" content=\"image\/jpeg\" \/>\n<meta name=\"twitter:card\" content=\"summary_large_image\" \/>\n<meta name=\"twitter:label1\" content=\"Est. reading time\" \/>\n\t<meta name=\"twitter:data1\" content=\"1 minute\" \/>\n<script type=\"application\/ld+json\" class=\"yoast-schema-graph\">{\"@context\":\"https:\/\/schema.org\",\"@graph\":[{\"@type\":\"WebPage\",\"@id\":\"https:\/\/d-nest.be\/index.php\/property\/maison-3-chambres-a-wavre\/\",\"url\":\"https:\/\/d-nest.be\/index.php\/property\/maison-3-chambres-a-wavre\/\",\"name\":\"Maison 3 chambres \u00e0 louer \u00e0 Wavre - D-nest\",\"isPartOf\":{\"@id\":\"https:\/\/d-nest.be\/#website\"},\"primaryImageOfPage\":{\"@id\":\"https:\/\/d-nest.be\/index.php\/property\/maison-3-chambres-a-wavre\/#primaryimage\"},\"image\":{\"@id\":\"https:\/\/d-nest.be\/index.php\/property\/maison-3-chambres-a-wavre\/#primaryimage\"},\"thumbnailUrl\":\"https:\/\/d-nest.be\/wp-content\/uploads\/2024\/05\/20240312_100549-1-scaled.jpg\",\"datePublished\":\"2023-01-02T15:21:32+00:00\",\"dateModified\":\"2026-02-11T08:30:54+00:00\",\"breadcrumb\":{\"@id\":\"https:\/\/d-nest.be\/index.php\/property\/maison-3-chambres-a-wavre\/#breadcrumb\"},\"inLanguage\":\"en-US\",\"potentialAction\":[{\"@type\":\"ReadAction\",\"target\":[\"https:\/\/d-nest.be\/index.php\/property\/maison-3-chambres-a-wavre\/\"]}]},{\"@type\":\"ImageObject\",\"inLanguage\":\"en-US\",\"@id\":\"https:\/\/d-nest.be\/index.php\/property\/maison-3-chambres-a-wavre\/#primaryimage\",\"url\":\"https:\/\/d-nest.be\/wp-content\/uploads\/2024\/05\/20240312_100549-1-scaled.jpg\",\"contentUrl\":\"https:\/\/d-nest.be\/wp-content\/uploads\/2024\/05\/20240312_100549-1-scaled.jpg\",\"width\":1154,\"height\":2560},{\"@type\":\"BreadcrumbList\",\"@id\":\"https:\/\/d-nest.be\/index.php\/property\/maison-3-chambres-a-wavre\/#breadcrumb\",\"itemListElement\":[{\"@type\":\"ListItem\",\"position\":1,\"name\":\"Accueil\",\"item\":\"https:\/\/d-nest.be\/\"},{\"@type\":\"ListItem\",\"position\":2,\"name\":\"Propri\u00e9t\u00e9s\",\"item\":\"https:\/\/d-nest.be\/index.php\/property\/\"},{\"@type\":\"ListItem\",\"position\":3,\"name\":\"Maison 3 chambres \u00e0 louer \u00e0 Wavre\"}]},{\"@type\":\"WebSite\",\"@id\":\"https:\/\/d-nest.be\/#website\",\"url\":\"https:\/\/d-nest.be\/\",\"name\":\"D-nest\",\"description\":\"\",\"publisher\":{\"@id\":\"https:\/\/d-nest.be\/#organization\"},\"potentialAction\":[{\"@type\":\"SearchAction\",\"target\":{\"@type\":\"EntryPoint\",\"urlTemplate\":\"https:\/\/d-nest.be\/?s={search_term_string}\"},\"query-input\":{\"@type\":\"PropertyValueSpecification\",\"valueRequired\":true,\"valueName\":\"search_term_string\"}}],\"inLanguage\":\"en-US\"},{\"@type\":\"Organization\",\"@id\":\"https:\/\/d-nest.be\/#organization\",\"name\":\"D-nest\",\"url\":\"https:\/\/d-nest.be\/\",\"logo\":{\"@type\":\"ImageObject\",\"inLanguage\":\"en-US\",\"@id\":\"https:\/\/d-nest.be\/#\/schema\/logo\/image\/\",\"url\":\"https:\/\/d-nest.be\/wp-content\/uploads\/2024\/01\/3-dnest-fullcolor.png\",\"contentUrl\":\"https:\/\/d-nest.be\/wp-content\/uploads\/2024\/01\/3-dnest-fullcolor.png\",\"width\":1520,\"height\":682,\"caption\":\"D-nest\"},\"image\":{\"@id\":\"https:\/\/d-nest.be\/#\/schema\/logo\/image\/\"}}]}<\/script>\n<!-- \/ Yoast SEO plugin. -->","yoast_head_json":{"title":"Maison 3 chambres \u00e0 louer \u00e0 Wavre - D-nest","robots":{"index":"index","follow":"follow","max-snippet":"max-snippet:-1","max-image-preview":"max-image-preview:large","max-video-preview":"max-video-preview:-1"},"canonical":"https:\/\/d-nest.be\/index.php\/property\/maison-3-chambres-a-wavre\/","og_locale":"en_US","og_type":"article","og_title":"Maison 3 chambres \u00e0 louer \u00e0 Wavre - D-nest","og_description":"D-nest Immobili\u00e8re vous pr\u00e9sente cette maison de ville enti\u00e8rement remise \u00e0 neuf, situ\u00e9e au coeur de Wavre et \u00e0 proximit\u00e9 de ses commerces. La maison comporte, au rez, un bel espace s\u00e9jour avec cuisine \u00e9quip\u00e9e (hotte, taque, four et lave-vaisselle) ainsi qu&#8217;une petite cour int\u00e9rieure. Au 1er \u00e9tage, un hall de nuit, 1 chambres et [&hellip;]","og_url":"https:\/\/d-nest.be\/index.php\/property\/maison-3-chambres-a-wavre\/","og_site_name":"D-nest","article_modified_time":"2026-02-11T08:30:54+00:00","og_image":[{"width":1154,"height":2560,"url":"https:\/\/d-nest.be\/wp-content\/uploads\/2024\/05\/20240312_100549-1-scaled.jpg","type":"image\/jpeg"}],"twitter_card":"summary_large_image","twitter_misc":{"Est. reading time":"1 minute"},"schema":{"@context":"https:\/\/schema.org","@graph":[{"@type":"WebPage","@id":"https:\/\/d-nest.be\/index.php\/property\/maison-3-chambres-a-wavre\/","url":"https:\/\/d-nest.be\/index.php\/property\/maison-3-chambres-a-wavre\/","name":"Maison 3 chambres \u00e0 louer \u00e0 Wavre - D-nest","isPartOf":{"@id":"https:\/\/d-nest.be\/#website"},"primaryImageOfPage":{"@id":"https:\/\/d-nest.be\/index.php\/property\/maison-3-chambres-a-wavre\/#primaryimage"},"image":{"@id":"https:\/\/d-nest.be\/index.php\/property\/maison-3-chambres-a-wavre\/#primaryimage"},"thumbnailUrl":"https:\/\/d-nest.be\/wp-content\/uploads\/2024\/05\/20240312_100549-1-scaled.jpg","datePublished":"2023-01-02T15:21:32+00:00","dateModified":"2026-02-11T08:30:54+00:00","breadcrumb":{"@id":"https:\/\/d-nest.be\/index.php\/property\/maison-3-chambres-a-wavre\/#breadcrumb"},"inLanguage":"en-US","potentialAction":[{"@type":"ReadAction","target":["https:\/\/d-nest.be\/index.php\/property\/maison-3-chambres-a-wavre\/"]}]},{"@type":"ImageObject","inLanguage":"en-US","@id":"https:\/\/d-nest.be\/index.php\/property\/maison-3-chambres-a-wavre\/#primaryimage","url":"https:\/\/d-nest.be\/wp-content\/uploads\/2024\/05\/20240312_100549-1-scaled.jpg","contentUrl":"https:\/\/d-nest.be\/wp-content\/uploads\/2024\/05\/20240312_100549-1-scaled.jpg","width":1154,"height":2560},{"@type":"BreadcrumbList","@id":"https:\/\/d-nest.be\/index.php\/property\/maison-3-chambres-a-wavre\/#breadcrumb","itemListElement":[{"@type":"ListItem","position":1,"name":"Accueil","item":"https:\/\/d-nest.be\/"},{"@type":"ListItem","position":2,"name":"Propri\u00e9t\u00e9s","item":"https:\/\/d-nest.be\/index.php\/property\/"},{"@type":"ListItem","position":3,"name":"Maison 3 chambres \u00e0 louer \u00e0 Wavre"}]},{"@type":"WebSite","@id":"https:\/\/d-nest.be\/#website","url":"https:\/\/d-nest.be\/","name":"D-nest","description":"","publisher":{"@id":"https:\/\/d-nest.be\/#organization"},"potentialAction":[{"@type":"SearchAction","target":{"@type":"EntryPoint","urlTemplate":"https:\/\/d-nest.be\/?s={search_term_string}"},"query-input":{"@type":"PropertyValueSpecification","valueRequired":true,"valueName":"search_term_string"}}],"inLanguage":"en-US"},{"@type":"Organization","@id":"https:\/\/d-nest.be\/#organization","name":"D-nest","url":"https:\/\/d-nest.be\/","logo":{"@type":"ImageObject","inLanguage":"en-US","@id":"https:\/\/d-nest.be\/#\/schema\/logo\/image\/","url":"https:\/\/d-nest.be\/wp-content\/uploads\/2024\/01\/3-dnest-fullcolor.png","contentUrl":"https:\/\/d-nest.be\/wp-content\/uploads\/2024\/01\/3-dnest-fullcolor.png","width":1520,"height":682,"caption":"D-nest"},"image":{"@id":"https:\/\/d-nest.be\/#\/schema\/logo\/image\/"}}]}},"_links":{"self":[{"href":"https:\/\/d-nest.be\/index.php\/wp-json\/wp\/v2\/properties\/1956","targetHints":{"allow":["GET"]}}],"collection":[{"href":"https:\/\/d-nest.be\/index.php\/wp-json\/wp\/v2\/properties"}],"about":[{"href":"https:\/\/d-nest.be\/index.php\/wp-json\/wp\/v2\/types\/rem_property"}],"author":[{"embeddable":true,"href":"https:\/\/d-nest.be\/index.php\/wp-json\/wp\/v2\/users\/2"}],"wp:featuredmedia":[{"embeddable":true,"href":"https:\/\/d-nest.be\/index.php\/wp-json\/wp\/v2\/media\/2014"}],"wp:attachment":[{"href":"https:\/\/d-nest.be\/index.php\/wp-json\/wp\/v2\/media?parent=1956"}],"wp:term":[{"taxonomy":"rem_property_cat","embeddable":true,"href":"https:\/\/d-nest.be\/index.php\/wp-json\/wp\/v2\/rem_property_cat?post=1956"}],"curies":[{"name":"wp","href":"https:\/\/api.w.org\/{rel}","templated":true}]}}

Maison 3 chambres à louer à Wavre

<p>D-nest Immobilière vous présente cette maison de ville entièrement remise à neuf, située au coeur de Wavre et à proximité de ses commerces.<br />
La maison comporte, au rez, un bel espace séjour avec cuisine équipée (hotte, taque, four et lave-vaisselle) ainsi qu&#8217;une petite cour intérieure.<br />
Au 1er étage, un hall de nuit, 1 chambres et un espace buanderie avec wc.<br />
Au second, un hall de nuit, 1 seconde chambre et une salle de douche avec wc, et au troisième étage, un bel espace chambre supplémentaire.<br />
Situation idéale pour cette maison sise à proximité immédiate de la gare  et du TEC!<br />
Chaudière gaz de ville, châssis PVC double vitrage.</p>
<p>PEB B (certificat n°20240313012956); E spécifique: 89 kWh/m².an; E totale: 8500 kWh/an<br />
Garantie locative équivalente à 2 mois de loyer, état des lieux par expert et à frais partagés.</p>
<p>Libre au 01/02/2026. Idéal pour colocation<br />
Visite uniquement sur rdv, au 0492/088826 ou via email: david@d-nest.be</p>

<p>D-nest Immobilière vous présente cette maison de ville entièrement remise à neuf, située au coeur de Wavre et à proximité de ses commerces. La maison comporte, au rez, un bel espace séjour avec cuisine équipée (hotte, taque, four et lave-vaisselle) ainsi qu&#8217;une petite cour intérieure. Au 1er étage, un hall de nuit, 1 chambres et [&hellip;]</p>

<!-- This site is optimized with the Yoast SEO plugin v24.6 - https://yoast.com/wordpress/plugins/seo/ -->
<title>Maison 3 chambres à louer à Wavre - D-nest</title>
<meta name="robots" content="index, follow, max-snippet:-1, max-image-preview:large, max-video-preview:-1" />
<link rel="canonical" href="https://d-nest.be/index.php/property/maison-3-chambres-a-wavre/" />
<meta property="og:locale" content="en_US" />
<meta property="og:type" content="article" />
<meta property="og:title" content="Maison 3 chambres à louer à Wavre - D-nest" />
<meta property="og:description" content="D-nest Immobilière vous présente cette maison de ville entièrement remise à neuf, située au coeur de Wavre et à proximité de ses commerces. La maison comporte, au rez, un bel espace séjour avec cuisine équipée (hotte, taque, four et lave-vaisselle) ainsi qu&#8217;une petite cour intérieure. Au 1er étage, un hall de nuit, 1 chambres et [&hellip;]" />
<meta property="og:url" content="https://d-nest.be/index.php/property/maison-3-chambres-a-wavre/" />
<meta property="og:site_name" content="D-nest" />
<meta property="article:modified_time" content="2026-02-11T08:30:54+00:00" />
<meta property="og:image" content="https://d-nest.be/wp-content/uploads/2024/05/20240312_100549-1-scaled.jpg" />
	<meta property="og:image:width" content="1154" />
	<meta property="og:image:height" content="2560" />
	<meta property="og:image:type" content="image/jpeg" />
<meta name="twitter:card" content="summary_large_image" />
<meta name="twitter:label1" content="Est. reading time" />
	<meta name="twitter:data1" content="1 minute" />
<script type="application/ld+json" class="yoast-schema-graph">{"@context":"https://schema.org","@graph":[{"@type":"WebPage","@id":"https://d-nest.be/index.php/property/maison-3-chambres-a-wavre/","url":"https://d-nest.be/index.php/property/maison-3-chambres-a-wavre/","name":"Maison 3 chambres à louer à Wavre - D-nest","isPartOf":{"@id":"https://d-nest.be/#website"},"primaryImageOfPage":{"@id":"https://d-nest.be/index.php/property/maison-3-chambres-a-wavre/#primaryimage"},"image":{"@id":"https://d-nest.be/index.php/property/maison-3-chambres-a-wavre/#primaryimage"},"thumbnailUrl":"https://d-nest.be/wp-content/uploads/2024/05/20240312_100549-1-scaled.jpg","datePublished":"2023-01-02T15:21:32+00:00","dateModified":"2026-02-11T08:30:54+00:00","breadcrumb":{"@id":"https://d-nest.be/index.php/property/maison-3-chambres-a-wavre/#breadcrumb"},"inLanguage":"en-US","potentialAction":[{"@type":"ReadAction","target":["https://d-nest.be/index.php/property/maison-3-chambres-a-wavre/"]}]},{"@type":"ImageObject","inLanguage":"en-US","@id":"https://d-nest.be/index.php/property/maison-3-chambres-a-wavre/#primaryimage","url":"https://d-nest.be/wp-content/uploads/2024/05/20240312_100549-1-scaled.jpg","contentUrl":"https://d-nest.be/wp-content/uploads/2024/05/20240312_100549-1-scaled.jpg","width":1154,"height":2560},{"@type":"BreadcrumbList","@id":"https://d-nest.be/index.php/property/maison-3-chambres-a-wavre/#breadcrumb","itemListElement":[{"@type":"ListItem","position":1,"name":"Accueil","item":"https://d-nest.be/"},{"@type":"ListItem","position":2,"name":"Propriétés","item":"https://d-nest.be/index.php/property/"},{"@type":"ListItem","position":3,"name":"Maison 3 chambres à louer à Wavre"}]},{"@type":"WebSite","@id":"https://d-nest.be/#website","url":"https://d-nest.be/","name":"D-nest","description":"","publisher":{"@id":"https://d-nest.be/#organization"},"potentialAction":[{"@type":"SearchAction","target":{"@type":"EntryPoint","urlTemplate":"https://d-nest.be/?s={search_term_string}"},"query-input":{"@type":"PropertyValueSpecification","valueRequired":true,"valueName":"search_term_string"}}],"inLanguage":"en-US"},{"@type":"Organization","@id":"https://d-nest.be/#organization","name":"D-nest","url":"https://d-nest.be/","logo":{"@type":"ImageObject","inLanguage":"en-US","@id":"https://d-nest.be/#/schema/logo/image/","url":"https://d-nest.be/wp-content/uploads/2024/01/3-dnest-fullcolor.png","contentUrl":"https://d-nest.be/wp-content/uploads/2024/01/3-dnest-fullcolor.png","width":1520,"height":682,"caption":"D-nest"},"image":{"@id":"https://d-nest.be/#/schema/logo/image/"}}]}</script>
<!-- / Yoast SEO plugin. -->

Maison 3 chambres à louer à Wavre - D-nest

D-nest Immobilière vous présente cette maison de ville entièrement remise à neuf, située au coeur de Wavre et à proximité de ses commerces. La maison comporte, au rez, un bel espace séjour avec cuisine équipée (hotte, taque, four et lave-vaisselle) ainsi qu&#8217;une petite cour intérieure. Au 1er étage, un hall de nuit, 1 chambres et [&hellip;]

Propriétés
