{"id":2872,"date":"2022-12-15T15:03:59","date_gmt":"2022-12-15T14:03:59","guid":{"rendered":"https:\/\/d-nest.be\/?post_type=rem_property&#038;p=2872"},"modified":"2026-04-16T20:53:53","modified_gmt":"2026-04-16T18:53:53","slug":"garage-entrepot-a-louer-a-ligny","status":"publish","type":"rem_property","link":"https:\/\/d-nest.be\/index.php\/property\/garage-entrepot-a-louer-a-ligny\/","title":{"rendered":"Garage\/entrep\u00f4t \u00e0 louer \u00e0 Ligny"},"content":{"rendered":"<p>D-nest Immobili\u00e8re vous pr\u00e9sente ce garage\/entrep\u00f4t \u00e0 louer \u00e0 Ligny.<\/p>\n<p>D&#8217;une surface de pr\u00e8s de 30m\u00b2 (7.2 m x 4.2 m), le garage est \u00e9quip\u00e9 d&#8217;une porte sectionnelle \u00e0 t\u00e9l\u00e9commande d&#8217;une largeur de 2.45m et d&#8217;une hauteur de 3m.<\/p>\n<p>Le local est \u00e9lectrifi\u00e9.<\/p>\n<p>Disponibilit\u00e9 imm\u00e9diate.<\/p>\n<p>Renseignements et visites au 0492\/088826.<\/p>\n<p>&nbsp;<\/p>\n","protected":false},"excerpt":{"rendered":"<p>D-nest Immobili\u00e8re vous pr\u00e9sente ce garage\/entrep\u00f4t \u00e0 louer \u00e0 Ligny. D&#8217;une surface de pr\u00e8s de 30m\u00b2 (7.2 m x 4.2 m), le garage est \u00e9quip\u00e9 d&#8217;une porte sectionnelle \u00e0 t\u00e9l\u00e9commande d&#8217;une largeur de 2.45m et d&#8217;une hauteur de 3m. Le local est \u00e9lectrifi\u00e9. Disponibilit\u00e9 imm\u00e9diate. Renseignements et visites au 0492\/088826. &nbsp;<\/p>\n","protected":false},"author":2,"featured_media":2876,"parent":0,"menu_order":0,"template":"","rem_property_cat":[],"class_list":["post-2872","rem_property","type-rem_property","status-publish","has-post-thumbnail","hentry"],"yoast_head":"<!-- This site is optimized with the Yoast SEO plugin v24.6 - https:\/\/yoast.com\/wordpress\/plugins\/seo\/ -->\n<title>Garage\/entrep\u00f4t \u00e0 louer \u00e0 Ligny - D-nest<\/title>\n<meta name=\"robots\" content=\"index, follow, max-snippet:-1, max-image-preview:large, max-video-preview:-1\" \/>\n<link rel=\"canonical\" href=\"https:\/\/d-nest.be\/index.php\/property\/garage-entrepot-a-louer-a-ligny\/\" \/>\n<meta property=\"og:locale\" content=\"en_US\" \/>\n<meta property=\"og:type\" content=\"article\" \/>\n<meta property=\"og:title\" content=\"Garage\/entrep\u00f4t \u00e0 louer \u00e0 Ligny - D-nest\" \/>\n<meta property=\"og:description\" content=\"D-nest Immobili\u00e8re vous pr\u00e9sente ce garage\/entrep\u00f4t \u00e0 louer \u00e0 Ligny. D&#8217;une surface de pr\u00e8s de 30m\u00b2 (7.2 m x 4.2 m), le garage est \u00e9quip\u00e9 d&#8217;une porte sectionnelle \u00e0 t\u00e9l\u00e9commande d&#8217;une largeur de 2.45m et d&#8217;une hauteur de 3m. Le local est \u00e9lectrifi\u00e9. Disponibilit\u00e9 imm\u00e9diate. Renseignements et visites au 0492\/088826. &nbsp;\" \/>\n<meta property=\"og:url\" content=\"https:\/\/d-nest.be\/index.php\/property\/garage-entrepot-a-louer-a-ligny\/\" \/>\n<meta property=\"og:site_name\" content=\"D-nest\" \/>\n<meta property=\"article:modified_time\" content=\"2026-04-16T18:53:53+00:00\" \/>\n<meta property=\"og:image\" content=\"https:\/\/d-nest.be\/wp-content\/uploads\/2024\/08\/20240808_095611.jpg\" \/>\n\t<meta property=\"og:image:width\" content=\"2000\" \/>\n\t<meta property=\"og:image:height\" content=\"900\" \/>\n\t<meta property=\"og:image:type\" content=\"image\/jpeg\" \/>\n<meta name=\"twitter:card\" content=\"summary_large_image\" \/>\n<meta name=\"twitter:label1\" content=\"Est. reading time\" \/>\n\t<meta name=\"twitter:data1\" content=\"1 minute\" \/>\n<script type=\"application\/ld+json\" class=\"yoast-schema-graph\">{\"@context\":\"https:\/\/schema.org\",\"@graph\":[{\"@type\":\"WebPage\",\"@id\":\"https:\/\/d-nest.be\/index.php\/property\/garage-entrepot-a-louer-a-ligny\/\",\"url\":\"https:\/\/d-nest.be\/index.php\/property\/garage-entrepot-a-louer-a-ligny\/\",\"name\":\"Garage\/entrep\u00f4t \u00e0 louer \u00e0 Ligny - D-nest\",\"isPartOf\":{\"@id\":\"https:\/\/d-nest.be\/#website\"},\"primaryImageOfPage\":{\"@id\":\"https:\/\/d-nest.be\/index.php\/property\/garage-entrepot-a-louer-a-ligny\/#primaryimage\"},\"image\":{\"@id\":\"https:\/\/d-nest.be\/index.php\/property\/garage-entrepot-a-louer-a-ligny\/#primaryimage\"},\"thumbnailUrl\":\"https:\/\/d-nest.be\/wp-content\/uploads\/2024\/08\/20240808_095611.jpg\",\"datePublished\":\"2022-12-15T14:03:59+00:00\",\"dateModified\":\"2026-04-16T18:53:53+00:00\",\"breadcrumb\":{\"@id\":\"https:\/\/d-nest.be\/index.php\/property\/garage-entrepot-a-louer-a-ligny\/#breadcrumb\"},\"inLanguage\":\"en-US\",\"potentialAction\":[{\"@type\":\"ReadAction\",\"target\":[\"https:\/\/d-nest.be\/index.php\/property\/garage-entrepot-a-louer-a-ligny\/\"]}]},{\"@type\":\"ImageObject\",\"inLanguage\":\"en-US\",\"@id\":\"https:\/\/d-nest.be\/index.php\/property\/garage-entrepot-a-louer-a-ligny\/#primaryimage\",\"url\":\"https:\/\/d-nest.be\/wp-content\/uploads\/2024\/08\/20240808_095611.jpg\",\"contentUrl\":\"https:\/\/d-nest.be\/wp-content\/uploads\/2024\/08\/20240808_095611.jpg\",\"width\":2000,\"height\":900},{\"@type\":\"BreadcrumbList\",\"@id\":\"https:\/\/d-nest.be\/index.php\/property\/garage-entrepot-a-louer-a-ligny\/#breadcrumb\",\"itemListElement\":[{\"@type\":\"ListItem\",\"position\":1,\"name\":\"Accueil\",\"item\":\"https:\/\/d-nest.be\/\"},{\"@type\":\"ListItem\",\"position\":2,\"name\":\"Propri\u00e9t\u00e9s\",\"item\":\"https:\/\/d-nest.be\/index.php\/property\/\"},{\"@type\":\"ListItem\",\"position\":3,\"name\":\"Garage\/entrep\u00f4t \u00e0 louer \u00e0 Ligny\"}]},{\"@type\":\"WebSite\",\"@id\":\"https:\/\/d-nest.be\/#website\",\"url\":\"https:\/\/d-nest.be\/\",\"name\":\"D-nest\",\"description\":\"\",\"publisher\":{\"@id\":\"https:\/\/d-nest.be\/#organization\"},\"potentialAction\":[{\"@type\":\"SearchAction\",\"target\":{\"@type\":\"EntryPoint\",\"urlTemplate\":\"https:\/\/d-nest.be\/?s={search_term_string}\"},\"query-input\":{\"@type\":\"PropertyValueSpecification\",\"valueRequired\":true,\"valueName\":\"search_term_string\"}}],\"inLanguage\":\"en-US\"},{\"@type\":\"Organization\",\"@id\":\"https:\/\/d-nest.be\/#organization\",\"name\":\"D-nest\",\"url\":\"https:\/\/d-nest.be\/\",\"logo\":{\"@type\":\"ImageObject\",\"inLanguage\":\"en-US\",\"@id\":\"https:\/\/d-nest.be\/#\/schema\/logo\/image\/\",\"url\":\"https:\/\/d-nest.be\/wp-content\/uploads\/2024\/01\/3-dnest-fullcolor.png\",\"contentUrl\":\"https:\/\/d-nest.be\/wp-content\/uploads\/2024\/01\/3-dnest-fullcolor.png\",\"width\":1520,\"height\":682,\"caption\":\"D-nest\"},\"image\":{\"@id\":\"https:\/\/d-nest.be\/#\/schema\/logo\/image\/\"}}]}<\/script>\n<!-- \/ Yoast SEO plugin. -->","yoast_head_json":{"title":"Garage\/entrep\u00f4t \u00e0 louer \u00e0 Ligny - D-nest","robots":{"index":"index","follow":"follow","max-snippet":"max-snippet:-1","max-image-preview":"max-image-preview:large","max-video-preview":"max-video-preview:-1"},"canonical":"https:\/\/d-nest.be\/index.php\/property\/garage-entrepot-a-louer-a-ligny\/","og_locale":"en_US","og_type":"article","og_title":"Garage\/entrep\u00f4t \u00e0 louer \u00e0 Ligny - D-nest","og_description":"D-nest Immobili\u00e8re vous pr\u00e9sente ce garage\/entrep\u00f4t \u00e0 louer \u00e0 Ligny. D&#8217;une surface de pr\u00e8s de 30m\u00b2 (7.2 m x 4.2 m), le garage est \u00e9quip\u00e9 d&#8217;une porte sectionnelle \u00e0 t\u00e9l\u00e9commande d&#8217;une largeur de 2.45m et d&#8217;une hauteur de 3m. Le local est \u00e9lectrifi\u00e9. Disponibilit\u00e9 imm\u00e9diate. Renseignements et visites au 0492\/088826. &nbsp;","og_url":"https:\/\/d-nest.be\/index.php\/property\/garage-entrepot-a-louer-a-ligny\/","og_site_name":"D-nest","article_modified_time":"2026-04-16T18:53:53+00:00","og_image":[{"width":2000,"height":900,"url":"https:\/\/d-nest.be\/wp-content\/uploads\/2024\/08\/20240808_095611.jpg","type":"image\/jpeg"}],"twitter_card":"summary_large_image","twitter_misc":{"Est. reading time":"1 minute"},"schema":{"@context":"https:\/\/schema.org","@graph":[{"@type":"WebPage","@id":"https:\/\/d-nest.be\/index.php\/property\/garage-entrepot-a-louer-a-ligny\/","url":"https:\/\/d-nest.be\/index.php\/property\/garage-entrepot-a-louer-a-ligny\/","name":"Garage\/entrep\u00f4t \u00e0 louer \u00e0 Ligny - D-nest","isPartOf":{"@id":"https:\/\/d-nest.be\/#website"},"primaryImageOfPage":{"@id":"https:\/\/d-nest.be\/index.php\/property\/garage-entrepot-a-louer-a-ligny\/#primaryimage"},"image":{"@id":"https:\/\/d-nest.be\/index.php\/property\/garage-entrepot-a-louer-a-ligny\/#primaryimage"},"thumbnailUrl":"https:\/\/d-nest.be\/wp-content\/uploads\/2024\/08\/20240808_095611.jpg","datePublished":"2022-12-15T14:03:59+00:00","dateModified":"2026-04-16T18:53:53+00:00","breadcrumb":{"@id":"https:\/\/d-nest.be\/index.php\/property\/garage-entrepot-a-louer-a-ligny\/#breadcrumb"},"inLanguage":"en-US","potentialAction":[{"@type":"ReadAction","target":["https:\/\/d-nest.be\/index.php\/property\/garage-entrepot-a-louer-a-ligny\/"]}]},{"@type":"ImageObject","inLanguage":"en-US","@id":"https:\/\/d-nest.be\/index.php\/property\/garage-entrepot-a-louer-a-ligny\/#primaryimage","url":"https:\/\/d-nest.be\/wp-content\/uploads\/2024\/08\/20240808_095611.jpg","contentUrl":"https:\/\/d-nest.be\/wp-content\/uploads\/2024\/08\/20240808_095611.jpg","width":2000,"height":900},{"@type":"BreadcrumbList","@id":"https:\/\/d-nest.be\/index.php\/property\/garage-entrepot-a-louer-a-ligny\/#breadcrumb","itemListElement":[{"@type":"ListItem","position":1,"name":"Accueil","item":"https:\/\/d-nest.be\/"},{"@type":"ListItem","position":2,"name":"Propri\u00e9t\u00e9s","item":"https:\/\/d-nest.be\/index.php\/property\/"},{"@type":"ListItem","position":3,"name":"Garage\/entrep\u00f4t \u00e0 louer \u00e0 Ligny"}]},{"@type":"WebSite","@id":"https:\/\/d-nest.be\/#website","url":"https:\/\/d-nest.be\/","name":"D-nest","description":"","publisher":{"@id":"https:\/\/d-nest.be\/#organization"},"potentialAction":[{"@type":"SearchAction","target":{"@type":"EntryPoint","urlTemplate":"https:\/\/d-nest.be\/?s={search_term_string}"},"query-input":{"@type":"PropertyValueSpecification","valueRequired":true,"valueName":"search_term_string"}}],"inLanguage":"en-US"},{"@type":"Organization","@id":"https:\/\/d-nest.be\/#organization","name":"D-nest","url":"https:\/\/d-nest.be\/","logo":{"@type":"ImageObject","inLanguage":"en-US","@id":"https:\/\/d-nest.be\/#\/schema\/logo\/image\/","url":"https:\/\/d-nest.be\/wp-content\/uploads\/2024\/01\/3-dnest-fullcolor.png","contentUrl":"https:\/\/d-nest.be\/wp-content\/uploads\/2024\/01\/3-dnest-fullcolor.png","width":1520,"height":682,"caption":"D-nest"},"image":{"@id":"https:\/\/d-nest.be\/#\/schema\/logo\/image\/"}}]}},"_links":{"self":[{"href":"https:\/\/d-nest.be\/index.php\/wp-json\/wp\/v2\/properties\/2872","targetHints":{"allow":["GET"]}}],"collection":[{"href":"https:\/\/d-nest.be\/index.php\/wp-json\/wp\/v2\/properties"}],"about":[{"href":"https:\/\/d-nest.be\/index.php\/wp-json\/wp\/v2\/types\/rem_property"}],"author":[{"embeddable":true,"href":"https:\/\/d-nest.be\/index.php\/wp-json\/wp\/v2\/users\/2"}],"wp:featuredmedia":[{"embeddable":true,"href":"https:\/\/d-nest.be\/index.php\/wp-json\/wp\/v2\/media\/2876"}],"wp:attachment":[{"href":"https:\/\/d-nest.be\/index.php\/wp-json\/wp\/v2\/media?parent=2872"}],"wp:term":[{"taxonomy":"rem_property_cat","embeddable":true,"href":"https:\/\/d-nest.be\/index.php\/wp-json\/wp\/v2\/rem_property_cat?post=2872"}],"curies":[{"name":"wp","href":"https:\/\/api.w.org\/{rel}","templated":true}]}}

Garage/entrepôt à louer à Ligny

<p>D-nest Immobilière vous présente ce garage/entrepôt à louer à Ligny.</p>
<p>D&#8217;une surface de près de 30m² (7.2 m x 4.2 m), le garage est équipé d&#8217;une porte sectionnelle à télécommande d&#8217;une largeur de 2.45m et d&#8217;une hauteur de 3m.</p>
<p>Le local est électrifié.</p>
<p>Disponibilité immédiate.</p>
<p>Renseignements et visites au 0492/088826.</p>
<p>&nbsp;</p>

<p>D-nest Immobilière vous présente ce garage/entrepôt à louer à Ligny. D&#8217;une surface de près de 30m² (7.2 m x 4.2 m), le garage est équipé d&#8217;une porte sectionnelle à télécommande d&#8217;une largeur de 2.45m et d&#8217;une hauteur de 3m. Le local est électrifié. Disponibilité immédiate. Renseignements et visites au 0492/088826. &nbsp;</p>

<!-- This site is optimized with the Yoast SEO plugin v24.6 - https://yoast.com/wordpress/plugins/seo/ -->
<title>Garage/entrepôt à louer à Ligny - D-nest</title>
<meta name="robots" content="index, follow, max-snippet:-1, max-image-preview:large, max-video-preview:-1" />
<link rel="canonical" href="https://d-nest.be/index.php/property/garage-entrepot-a-louer-a-ligny/" />
<meta property="og:locale" content="en_US" />
<meta property="og:type" content="article" />
<meta property="og:title" content="Garage/entrepôt à louer à Ligny - D-nest" />
<meta property="og:description" content="D-nest Immobilière vous présente ce garage/entrepôt à louer à Ligny. D&#8217;une surface de près de 30m² (7.2 m x 4.2 m), le garage est équipé d&#8217;une porte sectionnelle à télécommande d&#8217;une largeur de 2.45m et d&#8217;une hauteur de 3m. Le local est électrifié. Disponibilité immédiate. Renseignements et visites au 0492/088826. &nbsp;" />
<meta property="og:url" content="https://d-nest.be/index.php/property/garage-entrepot-a-louer-a-ligny/" />
<meta property="og:site_name" content="D-nest" />
<meta property="article:modified_time" content="2026-04-16T18:53:53+00:00" />
<meta property="og:image" content="https://d-nest.be/wp-content/uploads/2024/08/20240808_095611.jpg" />
	<meta property="og:image:width" content="2000" />
	<meta property="og:image:height" content="900" />
	<meta property="og:image:type" content="image/jpeg" />
<meta name="twitter:card" content="summary_large_image" />
<meta name="twitter:label1" content="Est. reading time" />
	<meta name="twitter:data1" content="1 minute" />
<script type="application/ld+json" class="yoast-schema-graph">{"@context":"https://schema.org","@graph":[{"@type":"WebPage","@id":"https://d-nest.be/index.php/property/garage-entrepot-a-louer-a-ligny/","url":"https://d-nest.be/index.php/property/garage-entrepot-a-louer-a-ligny/","name":"Garage/entrepôt à louer à Ligny - D-nest","isPartOf":{"@id":"https://d-nest.be/#website"},"primaryImageOfPage":{"@id":"https://d-nest.be/index.php/property/garage-entrepot-a-louer-a-ligny/#primaryimage"},"image":{"@id":"https://d-nest.be/index.php/property/garage-entrepot-a-louer-a-ligny/#primaryimage"},"thumbnailUrl":"https://d-nest.be/wp-content/uploads/2024/08/20240808_095611.jpg","datePublished":"2022-12-15T14:03:59+00:00","dateModified":"2026-04-16T18:53:53+00:00","breadcrumb":{"@id":"https://d-nest.be/index.php/property/garage-entrepot-a-louer-a-ligny/#breadcrumb"},"inLanguage":"en-US","potentialAction":[{"@type":"ReadAction","target":["https://d-nest.be/index.php/property/garage-entrepot-a-louer-a-ligny/"]}]},{"@type":"ImageObject","inLanguage":"en-US","@id":"https://d-nest.be/index.php/property/garage-entrepot-a-louer-a-ligny/#primaryimage","url":"https://d-nest.be/wp-content/uploads/2024/08/20240808_095611.jpg","contentUrl":"https://d-nest.be/wp-content/uploads/2024/08/20240808_095611.jpg","width":2000,"height":900},{"@type":"BreadcrumbList","@id":"https://d-nest.be/index.php/property/garage-entrepot-a-louer-a-ligny/#breadcrumb","itemListElement":[{"@type":"ListItem","position":1,"name":"Accueil","item":"https://d-nest.be/"},{"@type":"ListItem","position":2,"name":"Propriétés","item":"https://d-nest.be/index.php/property/"},{"@type":"ListItem","position":3,"name":"Garage/entrepôt à louer à Ligny"}]},{"@type":"WebSite","@id":"https://d-nest.be/#website","url":"https://d-nest.be/","name":"D-nest","description":"","publisher":{"@id":"https://d-nest.be/#organization"},"potentialAction":[{"@type":"SearchAction","target":{"@type":"EntryPoint","urlTemplate":"https://d-nest.be/?s={search_term_string}"},"query-input":{"@type":"PropertyValueSpecification","valueRequired":true,"valueName":"search_term_string"}}],"inLanguage":"en-US"},{"@type":"Organization","@id":"https://d-nest.be/#organization","name":"D-nest","url":"https://d-nest.be/","logo":{"@type":"ImageObject","inLanguage":"en-US","@id":"https://d-nest.be/#/schema/logo/image/","url":"https://d-nest.be/wp-content/uploads/2024/01/3-dnest-fullcolor.png","contentUrl":"https://d-nest.be/wp-content/uploads/2024/01/3-dnest-fullcolor.png","width":1520,"height":682,"caption":"D-nest"},"image":{"@id":"https://d-nest.be/#/schema/logo/image/"}}]}</script>
<!-- / Yoast SEO plugin. -->

Garage/entrepôt à louer à Ligny - D-nest

D-nest Immobilière vous présente ce garage/entrepôt à louer à Ligny. D&#8217;une surface de près de 30m² (7.2 m x 4.2 m), le garage est équipé d&#8217;une porte sectionnelle à télécommande d&#8217;une largeur de 2.45m et d&#8217;une hauteur de 3m. Le local est électrifié. Disponibilité immédiate. Renseignements et visites au 0492/088826. &nbsp;

Propriétés
