{"id":4109,"date":"2023-01-03T17:04:18","date_gmt":"2023-01-03T16:04:18","guid":{"rendered":"https:\/\/d-nest.be\/?post_type=rem_property&#038;p=4109"},"modified":"2026-01-26T09:07:40","modified_gmt":"2026-01-26T08:07:40","slug":"maison-3-chambres-a-louer-a-cortil-noirmont-2","status":"publish","type":"rem_property","link":"https:\/\/d-nest.be\/index.php\/property\/maison-3-chambres-a-louer-a-cortil-noirmont-2\/","title":{"rendered":"Maison 3 chambres \u00e0 louer \u00e0 Cortil-Noirmont"},"content":{"rendered":"<p>Plus de visite, la maison a trouv\u00e9 ses nouveaux locataires!<\/p>\n<p>D-nest Immobili\u00e8re vous pr\u00e9sente cette agr\u00e9able maison 3 chambres tout confort situ\u00e9e dans un ensemble r\u00e9sidentiel \u00e0 Cortil-Noirmont.<br \/>\nLa maison se compose d&#8217;un hall d&#8217;entr\u00e9e avec wc, d&#8217;un agr\u00e9able s\u00e9jour de pr\u00e8s de 60m\u00b2 avec cuisine \u00e9quip\u00e9e, de 3 chambres et d&#8217;une salle de bain.<br \/>\nLa maison poss\u00e8de un agr\u00e9able jardin avec terrasse.<br \/>\nLe bien est situ\u00e9 dans un ensemble r\u00e9sidentiel avec espaces ext\u00e9rieurs communs et plusieurs places de parking.<br \/>\nChauffage gaz de ville, ch\u00e2ssis PVC double vitrage.<br \/>\nCharges mensuelles: 50\u20ac pour l&#8217;\u00e9lectricit\u00e9 des parties ext\u00e9rieures communes et l&#8217;entretien des ext\u00e9rieurs.<\/p>\n<p>Disponibilit\u00e9 imm\u00e9diate.<br \/>\nPEB B (certificat n\u00b0 20260106012032), E sp\u00e9cifique: 168 kWh\/m\u00b2.an, E totale: 16495 kWh\/an<br \/>\nEtat des lieux d&#8217;entr\u00e9e par expert et \u00e0 frais partag\u00e9s, 2 mois de garantie locative.<br \/>\nVisites sur rdv uniquement, prise de rendez-vous au 0492\/088826 ou par email via david@d-nest.be<\/p>\n","protected":false},"excerpt":{"rendered":"<p>Plus de visite, la maison a trouv\u00e9 ses nouveaux locataires! D-nest Immobili\u00e8re vous pr\u00e9sente cette agr\u00e9able maison 3 chambres tout confort situ\u00e9e dans un ensemble r\u00e9sidentiel \u00e0 Cortil-Noirmont. La maison se compose d&#8217;un hall d&#8217;entr\u00e9e avec wc, d&#8217;un agr\u00e9able s\u00e9jour de pr\u00e8s de 60m\u00b2 avec cuisine \u00e9quip\u00e9e, de 3 chambres et d&#8217;une salle de bain. [&hellip;]<\/p>\n","protected":false},"author":2,"featured_media":4137,"parent":0,"menu_order":0,"template":"","rem_property_cat":[],"class_list":["post-4109","rem_property","type-rem_property","status-publish","has-post-thumbnail","hentry"],"yoast_head":"<!-- This site is optimized with the Yoast SEO plugin v24.6 - https:\/\/yoast.com\/wordpress\/plugins\/seo\/ -->\n<title>Maison 3 chambres \u00e0 louer \u00e0 Cortil-Noirmont - D-nest<\/title>\n<meta name=\"robots\" content=\"index, follow, max-snippet:-1, max-image-preview:large, max-video-preview:-1\" \/>\n<link rel=\"canonical\" href=\"https:\/\/d-nest.be\/index.php\/property\/maison-3-chambres-a-louer-a-cortil-noirmont-2\/\" \/>\n<meta property=\"og:locale\" content=\"en_US\" \/>\n<meta property=\"og:type\" content=\"article\" \/>\n<meta property=\"og:title\" content=\"Maison 3 chambres \u00e0 louer \u00e0 Cortil-Noirmont - D-nest\" \/>\n<meta property=\"og:description\" content=\"Plus de visite, la maison a trouv\u00e9 ses nouveaux locataires! D-nest Immobili\u00e8re vous pr\u00e9sente cette agr\u00e9able maison 3 chambres tout confort situ\u00e9e dans un ensemble r\u00e9sidentiel \u00e0 Cortil-Noirmont. La maison se compose d&#8217;un hall d&#8217;entr\u00e9e avec wc, d&#8217;un agr\u00e9able s\u00e9jour de pr\u00e8s de 60m\u00b2 avec cuisine \u00e9quip\u00e9e, de 3 chambres et d&#8217;une salle de bain. [&hellip;]\" \/>\n<meta property=\"og:url\" content=\"https:\/\/d-nest.be\/index.php\/property\/maison-3-chambres-a-louer-a-cortil-noirmont-2\/\" \/>\n<meta property=\"og:site_name\" content=\"D-nest\" \/>\n<meta property=\"article:modified_time\" content=\"2026-01-26T08:07:40+00:00\" \/>\n<meta property=\"og:image\" content=\"https:\/\/d-nest.be\/wp-content\/uploads\/2026\/01\/20251029_120459.jpg\" \/>\n\t<meta property=\"og:image:width\" content=\"2000\" \/>\n\t<meta property=\"og:image:height\" content=\"1125\" \/>\n\t<meta property=\"og:image:type\" content=\"image\/jpeg\" \/>\n<meta name=\"twitter:card\" content=\"summary_large_image\" \/>\n<meta name=\"twitter:label1\" content=\"Est. reading time\" \/>\n\t<meta name=\"twitter:data1\" content=\"1 minute\" \/>\n<script type=\"application\/ld+json\" class=\"yoast-schema-graph\">{\"@context\":\"https:\/\/schema.org\",\"@graph\":[{\"@type\":\"WebPage\",\"@id\":\"https:\/\/d-nest.be\/index.php\/property\/maison-3-chambres-a-louer-a-cortil-noirmont-2\/\",\"url\":\"https:\/\/d-nest.be\/index.php\/property\/maison-3-chambres-a-louer-a-cortil-noirmont-2\/\",\"name\":\"Maison 3 chambres \u00e0 louer \u00e0 Cortil-Noirmont - D-nest\",\"isPartOf\":{\"@id\":\"https:\/\/d-nest.be\/#website\"},\"primaryImageOfPage\":{\"@id\":\"https:\/\/d-nest.be\/index.php\/property\/maison-3-chambres-a-louer-a-cortil-noirmont-2\/#primaryimage\"},\"image\":{\"@id\":\"https:\/\/d-nest.be\/index.php\/property\/maison-3-chambres-a-louer-a-cortil-noirmont-2\/#primaryimage\"},\"thumbnailUrl\":\"https:\/\/d-nest.be\/wp-content\/uploads\/2026\/01\/20251029_120459.jpg\",\"datePublished\":\"2023-01-03T16:04:18+00:00\",\"dateModified\":\"2026-01-26T08:07:40+00:00\",\"breadcrumb\":{\"@id\":\"https:\/\/d-nest.be\/index.php\/property\/maison-3-chambres-a-louer-a-cortil-noirmont-2\/#breadcrumb\"},\"inLanguage\":\"en-US\",\"potentialAction\":[{\"@type\":\"ReadAction\",\"target\":[\"https:\/\/d-nest.be\/index.php\/property\/maison-3-chambres-a-louer-a-cortil-noirmont-2\/\"]}]},{\"@type\":\"ImageObject\",\"inLanguage\":\"en-US\",\"@id\":\"https:\/\/d-nest.be\/index.php\/property\/maison-3-chambres-a-louer-a-cortil-noirmont-2\/#primaryimage\",\"url\":\"https:\/\/d-nest.be\/wp-content\/uploads\/2026\/01\/20251029_120459.jpg\",\"contentUrl\":\"https:\/\/d-nest.be\/wp-content\/uploads\/2026\/01\/20251029_120459.jpg\",\"width\":2000,\"height\":1125},{\"@type\":\"BreadcrumbList\",\"@id\":\"https:\/\/d-nest.be\/index.php\/property\/maison-3-chambres-a-louer-a-cortil-noirmont-2\/#breadcrumb\",\"itemListElement\":[{\"@type\":\"ListItem\",\"position\":1,\"name\":\"Accueil\",\"item\":\"https:\/\/d-nest.be\/\"},{\"@type\":\"ListItem\",\"position\":2,\"name\":\"Propri\u00e9t\u00e9s\",\"item\":\"https:\/\/d-nest.be\/index.php\/property\/\"},{\"@type\":\"ListItem\",\"position\":3,\"name\":\"Maison 3 chambres \u00e0 louer \u00e0 Cortil-Noirmont\"}]},{\"@type\":\"WebSite\",\"@id\":\"https:\/\/d-nest.be\/#website\",\"url\":\"https:\/\/d-nest.be\/\",\"name\":\"D-nest\",\"description\":\"\",\"publisher\":{\"@id\":\"https:\/\/d-nest.be\/#organization\"},\"potentialAction\":[{\"@type\":\"SearchAction\",\"target\":{\"@type\":\"EntryPoint\",\"urlTemplate\":\"https:\/\/d-nest.be\/?s={search_term_string}\"},\"query-input\":{\"@type\":\"PropertyValueSpecification\",\"valueRequired\":true,\"valueName\":\"search_term_string\"}}],\"inLanguage\":\"en-US\"},{\"@type\":\"Organization\",\"@id\":\"https:\/\/d-nest.be\/#organization\",\"name\":\"D-nest\",\"url\":\"https:\/\/d-nest.be\/\",\"logo\":{\"@type\":\"ImageObject\",\"inLanguage\":\"en-US\",\"@id\":\"https:\/\/d-nest.be\/#\/schema\/logo\/image\/\",\"url\":\"https:\/\/d-nest.be\/wp-content\/uploads\/2024\/01\/3-dnest-fullcolor.png\",\"contentUrl\":\"https:\/\/d-nest.be\/wp-content\/uploads\/2024\/01\/3-dnest-fullcolor.png\",\"width\":1520,\"height\":682,\"caption\":\"D-nest\"},\"image\":{\"@id\":\"https:\/\/d-nest.be\/#\/schema\/logo\/image\/\"}}]}<\/script>\n<!-- \/ Yoast SEO plugin. -->","yoast_head_json":{"title":"Maison 3 chambres \u00e0 louer \u00e0 Cortil-Noirmont - D-nest","robots":{"index":"index","follow":"follow","max-snippet":"max-snippet:-1","max-image-preview":"max-image-preview:large","max-video-preview":"max-video-preview:-1"},"canonical":"https:\/\/d-nest.be\/index.php\/property\/maison-3-chambres-a-louer-a-cortil-noirmont-2\/","og_locale":"en_US","og_type":"article","og_title":"Maison 3 chambres \u00e0 louer \u00e0 Cortil-Noirmont - D-nest","og_description":"Plus de visite, la maison a trouv\u00e9 ses nouveaux locataires! D-nest Immobili\u00e8re vous pr\u00e9sente cette agr\u00e9able maison 3 chambres tout confort situ\u00e9e dans un ensemble r\u00e9sidentiel \u00e0 Cortil-Noirmont. La maison se compose d&#8217;un hall d&#8217;entr\u00e9e avec wc, d&#8217;un agr\u00e9able s\u00e9jour de pr\u00e8s de 60m\u00b2 avec cuisine \u00e9quip\u00e9e, de 3 chambres et d&#8217;une salle de bain. [&hellip;]","og_url":"https:\/\/d-nest.be\/index.php\/property\/maison-3-chambres-a-louer-a-cortil-noirmont-2\/","og_site_name":"D-nest","article_modified_time":"2026-01-26T08:07:40+00:00","og_image":[{"width":2000,"height":1125,"url":"https:\/\/d-nest.be\/wp-content\/uploads\/2026\/01\/20251029_120459.jpg","type":"image\/jpeg"}],"twitter_card":"summary_large_image","twitter_misc":{"Est. reading time":"1 minute"},"schema":{"@context":"https:\/\/schema.org","@graph":[{"@type":"WebPage","@id":"https:\/\/d-nest.be\/index.php\/property\/maison-3-chambres-a-louer-a-cortil-noirmont-2\/","url":"https:\/\/d-nest.be\/index.php\/property\/maison-3-chambres-a-louer-a-cortil-noirmont-2\/","name":"Maison 3 chambres \u00e0 louer \u00e0 Cortil-Noirmont - D-nest","isPartOf":{"@id":"https:\/\/d-nest.be\/#website"},"primaryImageOfPage":{"@id":"https:\/\/d-nest.be\/index.php\/property\/maison-3-chambres-a-louer-a-cortil-noirmont-2\/#primaryimage"},"image":{"@id":"https:\/\/d-nest.be\/index.php\/property\/maison-3-chambres-a-louer-a-cortil-noirmont-2\/#primaryimage"},"thumbnailUrl":"https:\/\/d-nest.be\/wp-content\/uploads\/2026\/01\/20251029_120459.jpg","datePublished":"2023-01-03T16:04:18+00:00","dateModified":"2026-01-26T08:07:40+00:00","breadcrumb":{"@id":"https:\/\/d-nest.be\/index.php\/property\/maison-3-chambres-a-louer-a-cortil-noirmont-2\/#breadcrumb"},"inLanguage":"en-US","potentialAction":[{"@type":"ReadAction","target":["https:\/\/d-nest.be\/index.php\/property\/maison-3-chambres-a-louer-a-cortil-noirmont-2\/"]}]},{"@type":"ImageObject","inLanguage":"en-US","@id":"https:\/\/d-nest.be\/index.php\/property\/maison-3-chambres-a-louer-a-cortil-noirmont-2\/#primaryimage","url":"https:\/\/d-nest.be\/wp-content\/uploads\/2026\/01\/20251029_120459.jpg","contentUrl":"https:\/\/d-nest.be\/wp-content\/uploads\/2026\/01\/20251029_120459.jpg","width":2000,"height":1125},{"@type":"BreadcrumbList","@id":"https:\/\/d-nest.be\/index.php\/property\/maison-3-chambres-a-louer-a-cortil-noirmont-2\/#breadcrumb","itemListElement":[{"@type":"ListItem","position":1,"name":"Accueil","item":"https:\/\/d-nest.be\/"},{"@type":"ListItem","position":2,"name":"Propri\u00e9t\u00e9s","item":"https:\/\/d-nest.be\/index.php\/property\/"},{"@type":"ListItem","position":3,"name":"Maison 3 chambres \u00e0 louer \u00e0 Cortil-Noirmont"}]},{"@type":"WebSite","@id":"https:\/\/d-nest.be\/#website","url":"https:\/\/d-nest.be\/","name":"D-nest","description":"","publisher":{"@id":"https:\/\/d-nest.be\/#organization"},"potentialAction":[{"@type":"SearchAction","target":{"@type":"EntryPoint","urlTemplate":"https:\/\/d-nest.be\/?s={search_term_string}"},"query-input":{"@type":"PropertyValueSpecification","valueRequired":true,"valueName":"search_term_string"}}],"inLanguage":"en-US"},{"@type":"Organization","@id":"https:\/\/d-nest.be\/#organization","name":"D-nest","url":"https:\/\/d-nest.be\/","logo":{"@type":"ImageObject","inLanguage":"en-US","@id":"https:\/\/d-nest.be\/#\/schema\/logo\/image\/","url":"https:\/\/d-nest.be\/wp-content\/uploads\/2024\/01\/3-dnest-fullcolor.png","contentUrl":"https:\/\/d-nest.be\/wp-content\/uploads\/2024\/01\/3-dnest-fullcolor.png","width":1520,"height":682,"caption":"D-nest"},"image":{"@id":"https:\/\/d-nest.be\/#\/schema\/logo\/image\/"}}]}},"_links":{"self":[{"href":"https:\/\/d-nest.be\/index.php\/wp-json\/wp\/v2\/properties\/4109","targetHints":{"allow":["GET"]}}],"collection":[{"href":"https:\/\/d-nest.be\/index.php\/wp-json\/wp\/v2\/properties"}],"about":[{"href":"https:\/\/d-nest.be\/index.php\/wp-json\/wp\/v2\/types\/rem_property"}],"author":[{"embeddable":true,"href":"https:\/\/d-nest.be\/index.php\/wp-json\/wp\/v2\/users\/2"}],"wp:featuredmedia":[{"embeddable":true,"href":"https:\/\/d-nest.be\/index.php\/wp-json\/wp\/v2\/media\/4137"}],"wp:attachment":[{"href":"https:\/\/d-nest.be\/index.php\/wp-json\/wp\/v2\/media?parent=4109"}],"wp:term":[{"taxonomy":"rem_property_cat","embeddable":true,"href":"https:\/\/d-nest.be\/index.php\/wp-json\/wp\/v2\/rem_property_cat?post=4109"}],"curies":[{"name":"wp","href":"https:\/\/api.w.org\/{rel}","templated":true}]}}

Maison 3 chambres à louer à Cortil-Noirmont

<p>Plus de visite, la maison a trouvé ses nouveaux locataires!</p>
<p>D-nest Immobilière vous présente cette agréable maison 3 chambres tout confort située dans un ensemble résidentiel à Cortil-Noirmont.<br />
La maison se compose d&#8217;un hall d&#8217;entrée avec wc, d&#8217;un agréable séjour de près de 60m² avec cuisine équipée, de 3 chambres et d&#8217;une salle de bain.<br />
La maison possède un agréable jardin avec terrasse.<br />
Le bien est situé dans un ensemble résidentiel avec espaces extérieurs communs et plusieurs places de parking.<br />
Chauffage gaz de ville, châssis PVC double vitrage.<br />
Charges mensuelles: 50€ pour l&#8217;électricité des parties extérieures communes et l&#8217;entretien des extérieurs.</p>
<p>Disponibilité immédiate.<br />
PEB B (certificat n° 20260106012032), E spécifique: 168 kWh/m².an, E totale: 16495 kWh/an<br />
Etat des lieux d&#8217;entrée par expert et à frais partagés, 2 mois de garantie locative.<br />
Visites sur rdv uniquement, prise de rendez-vous au 0492/088826 ou par email via david@d-nest.be</p>

<p>Plus de visite, la maison a trouvé ses nouveaux locataires! D-nest Immobilière vous présente cette agréable maison 3 chambres tout confort située dans un ensemble résidentiel à Cortil-Noirmont. La maison se compose d&#8217;un hall d&#8217;entrée avec wc, d&#8217;un agréable séjour de près de 60m² avec cuisine équipée, de 3 chambres et d&#8217;une salle de bain. [&hellip;]</p>

<!-- This site is optimized with the Yoast SEO plugin v24.6 - https://yoast.com/wordpress/plugins/seo/ -->
<title>Maison 3 chambres à louer à Cortil-Noirmont - D-nest</title>
<meta name="robots" content="index, follow, max-snippet:-1, max-image-preview:large, max-video-preview:-1" />
<link rel="canonical" href="https://d-nest.be/index.php/property/maison-3-chambres-a-louer-a-cortil-noirmont-2/" />
<meta property="og:locale" content="en_US" />
<meta property="og:type" content="article" />
<meta property="og:title" content="Maison 3 chambres à louer à Cortil-Noirmont - D-nest" />
<meta property="og:description" content="Plus de visite, la maison a trouvé ses nouveaux locataires! D-nest Immobilière vous présente cette agréable maison 3 chambres tout confort située dans un ensemble résidentiel à Cortil-Noirmont. La maison se compose d&#8217;un hall d&#8217;entrée avec wc, d&#8217;un agréable séjour de près de 60m² avec cuisine équipée, de 3 chambres et d&#8217;une salle de bain. [&hellip;]" />
<meta property="og:url" content="https://d-nest.be/index.php/property/maison-3-chambres-a-louer-a-cortil-noirmont-2/" />
<meta property="og:site_name" content="D-nest" />
<meta property="article:modified_time" content="2026-01-26T08:07:40+00:00" />
<meta property="og:image" content="https://d-nest.be/wp-content/uploads/2026/01/20251029_120459.jpg" />
	<meta property="og:image:width" content="2000" />
	<meta property="og:image:height" content="1125" />
	<meta property="og:image:type" content="image/jpeg" />
<meta name="twitter:card" content="summary_large_image" />
<meta name="twitter:label1" content="Est. reading time" />
	<meta name="twitter:data1" content="1 minute" />
<script type="application/ld+json" class="yoast-schema-graph">{"@context":"https://schema.org","@graph":[{"@type":"WebPage","@id":"https://d-nest.be/index.php/property/maison-3-chambres-a-louer-a-cortil-noirmont-2/","url":"https://d-nest.be/index.php/property/maison-3-chambres-a-louer-a-cortil-noirmont-2/","name":"Maison 3 chambres à louer à Cortil-Noirmont - D-nest","isPartOf":{"@id":"https://d-nest.be/#website"},"primaryImageOfPage":{"@id":"https://d-nest.be/index.php/property/maison-3-chambres-a-louer-a-cortil-noirmont-2/#primaryimage"},"image":{"@id":"https://d-nest.be/index.php/property/maison-3-chambres-a-louer-a-cortil-noirmont-2/#primaryimage"},"thumbnailUrl":"https://d-nest.be/wp-content/uploads/2026/01/20251029_120459.jpg","datePublished":"2023-01-03T16:04:18+00:00","dateModified":"2026-01-26T08:07:40+00:00","breadcrumb":{"@id":"https://d-nest.be/index.php/property/maison-3-chambres-a-louer-a-cortil-noirmont-2/#breadcrumb"},"inLanguage":"en-US","potentialAction":[{"@type":"ReadAction","target":["https://d-nest.be/index.php/property/maison-3-chambres-a-louer-a-cortil-noirmont-2/"]}]},{"@type":"ImageObject","inLanguage":"en-US","@id":"https://d-nest.be/index.php/property/maison-3-chambres-a-louer-a-cortil-noirmont-2/#primaryimage","url":"https://d-nest.be/wp-content/uploads/2026/01/20251029_120459.jpg","contentUrl":"https://d-nest.be/wp-content/uploads/2026/01/20251029_120459.jpg","width":2000,"height":1125},{"@type":"BreadcrumbList","@id":"https://d-nest.be/index.php/property/maison-3-chambres-a-louer-a-cortil-noirmont-2/#breadcrumb","itemListElement":[{"@type":"ListItem","position":1,"name":"Accueil","item":"https://d-nest.be/"},{"@type":"ListItem","position":2,"name":"Propriétés","item":"https://d-nest.be/index.php/property/"},{"@type":"ListItem","position":3,"name":"Maison 3 chambres à louer à Cortil-Noirmont"}]},{"@type":"WebSite","@id":"https://d-nest.be/#website","url":"https://d-nest.be/","name":"D-nest","description":"","publisher":{"@id":"https://d-nest.be/#organization"},"potentialAction":[{"@type":"SearchAction","target":{"@type":"EntryPoint","urlTemplate":"https://d-nest.be/?s={search_term_string}"},"query-input":{"@type":"PropertyValueSpecification","valueRequired":true,"valueName":"search_term_string"}}],"inLanguage":"en-US"},{"@type":"Organization","@id":"https://d-nest.be/#organization","name":"D-nest","url":"https://d-nest.be/","logo":{"@type":"ImageObject","inLanguage":"en-US","@id":"https://d-nest.be/#/schema/logo/image/","url":"https://d-nest.be/wp-content/uploads/2024/01/3-dnest-fullcolor.png","contentUrl":"https://d-nest.be/wp-content/uploads/2024/01/3-dnest-fullcolor.png","width":1520,"height":682,"caption":"D-nest"},"image":{"@id":"https://d-nest.be/#/schema/logo/image/"}}]}</script>
<!-- / Yoast SEO plugin. -->

Maison 3 chambres à louer à Cortil-Noirmont - D-nest

Plus de visite, la maison a trouvé ses nouveaux locataires! D-nest Immobilière vous présente cette agréable maison 3 chambres tout confort située dans un ensemble résidentiel à Cortil-Noirmont. La maison se compose d&#8217;un hall d&#8217;entrée avec wc, d&#8217;un agréable séjour de près de 60m² avec cuisine équipée, de 3 chambres et d&#8217;une salle de bain. [&hellip;]

Propriétés
