{"id":4255,"date":"2022-12-31T15:22:26","date_gmt":"2022-12-31T14:22:26","guid":{"rendered":"https:\/\/d-nest.be\/?post_type=rem_property&#038;p=4255"},"modified":"2026-03-14T15:46:24","modified_gmt":"2026-03-14T14:46:24","slug":"4255-2","status":"publish","type":"rem_property","link":"https:\/\/d-nest.be\/index.php\/property\/4255-2\/","title":{"rendered":"Appartements 1 \u00e0 2 chambres \u00e0 vendre \u00e0 Floreffe (7 unit\u00e9s)"},"content":{"rendered":"<p>FLOREFFE, Id\u00e9alement situ\u00e9 aux portes de Namur, \u00e0 proximit\u00e9 de la gare et de toutes les commodit\u00e9s, et \u00e0 5 minutes de la E42, le projet \u00ab Le C\u00e9lestin \u00bb vous propose un ensemble de 7 appartements de 1 \u00e0 2 chambres de 66 \u00e0 114 m\u00b2. Les appartements disposent tous d&#8217;un ext\u00e9rieur (jardin, terrasse ou balcon) ainsi que d&#8217;un espace jardin commun. Ils sont con\u00e7us avec des mat\u00e9riaux de qualit\u00e9 et aux finitions soign\u00e9es, avec une excellente isolation acoustique et thermique. Tous les appartements comprennent une cuisine \u00e9quip\u00e9e ainsi qu&#8217;une salle d&#8217;eau avec douche ou bain et douche. Chauffage central gaz avec chaudi\u00e8re \u00e0 condensation individuelle, ch\u00e2ssis double vitrage en PVC ou alu, ventilation double flux, ascenseur, vid\u00e9ophone. Local poubelle et box v\u00e9lo individuel et 1 emplacement de parking ext\u00e9rieur inclus. PEB pr\u00e9visionnel \u00ab A \u00bb. Vente sous r\u00e9gime TVA \u00e0 6% sous certaines conditions (*)<br \/>\nLivraison pr\u00e9vue fin 2027<br \/>\nSite promotionnel: https:\/\/lecelestin.be\/<br \/>\nA d\u00e9couvrir chez D-nest Immobili\u00e8re au 0492\/088826<br \/>\n*Tva \u00e0 21% sur la partie &#8220;technique chauffage&#8221; du bien<\/p>\n<p>Un projet d\u00e9velopp\u00e9 par &#8220;Immo VJ&#8221; et le bureau d&#8217;architecture &#8220;St\u00e9phanie Dejaiffe&#8221;<\/p>\n<p>Composition du projet:<\/p>\n<p>2 appartements 1 chambre de 66 et 69m\u00b2, prix \u00e0 partir de 222.000\u20ac htva<br \/>\n5 appartements 2 chambres de 94 \u00e0 114m\u00b2, prix \u00e0 partir de 302.000\u20ac htva<\/p>\n<p>Technique et \u00e9quipements:<\/p>\n<p>Chauffage sol, chaudi\u00e8re \u00e0 condensation individuelle au gaz de ville<br \/>\nThermostat modulant programmable<br \/>\nCh\u00e2ssis DV PVC ou alu<br \/>\nVentilation double flux<br \/>\nPEB pr\u00e9visionnel &#8220;A&#8221; (E sp\u00e9cifique comprise entre 59 et 79 kWh\/an.m\u00b2)<br \/>\nAscenseur<br \/>\nVid\u00e9ophone<br \/>\nCuisine \u00e9quip\u00e9e<br \/>\nMobilier et \u00e9quipement de salle d&#8217;eau complets<br \/>\nBox \u00e0 v\u00e9lo individuel<br \/>\n1 place de parking ext\u00e9rieure comprise<\/p>\n","protected":false},"excerpt":{"rendered":"<p>FLOREFFE, Id\u00e9alement situ\u00e9 aux portes de Namur, \u00e0 proximit\u00e9 de la gare et de toutes les commodit\u00e9s, et \u00e0 5 minutes de la E42, le projet \u00ab Le C\u00e9lestin \u00bb vous propose un ensemble de 7 appartements de 1 \u00e0 2 chambres de 66 \u00e0 114 m\u00b2. Les appartements disposent tous d&#8217;un ext\u00e9rieur (jardin, terrasse [&hellip;]<\/p>\n","protected":false},"author":2,"featured_media":4260,"parent":0,"menu_order":0,"template":"","rem_property_cat":[],"class_list":["post-4255","rem_property","type-rem_property","status-publish","has-post-thumbnail","hentry"],"yoast_head":"<!-- This site is optimized with the Yoast SEO plugin v24.6 - https:\/\/yoast.com\/wordpress\/plugins\/seo\/ -->\n<title>Appartements 1 \u00e0 2 chambres \u00e0 vendre \u00e0 Floreffe (7 unit\u00e9s) - D-nest<\/title>\n<meta name=\"robots\" content=\"index, follow, max-snippet:-1, max-image-preview:large, max-video-preview:-1\" \/>\n<link rel=\"canonical\" href=\"https:\/\/d-nest.be\/index.php\/property\/4255-2\/\" \/>\n<meta property=\"og:locale\" content=\"en_US\" \/>\n<meta property=\"og:type\" content=\"article\" \/>\n<meta property=\"og:title\" content=\"Appartements 1 \u00e0 2 chambres \u00e0 vendre \u00e0 Floreffe (7 unit\u00e9s) - D-nest\" \/>\n<meta property=\"og:description\" content=\"FLOREFFE, Id\u00e9alement situ\u00e9 aux portes de Namur, \u00e0 proximit\u00e9 de la gare et de toutes les commodit\u00e9s, et \u00e0 5 minutes de la E42, le projet \u00ab Le C\u00e9lestin \u00bb vous propose un ensemble de 7 appartements de 1 \u00e0 2 chambres de 66 \u00e0 114 m\u00b2. Les appartements disposent tous d&#8217;un ext\u00e9rieur (jardin, terrasse [&hellip;]\" \/>\n<meta property=\"og:url\" content=\"https:\/\/d-nest.be\/index.php\/property\/4255-2\/\" \/>\n<meta property=\"og:site_name\" content=\"D-nest\" \/>\n<meta property=\"article:modified_time\" content=\"2026-03-14T14:46:24+00:00\" \/>\n<meta property=\"og:image\" content=\"https:\/\/d-nest.be\/wp-content\/uploads\/2026\/03\/Image2-1024x576.png\" \/>\n\t<meta property=\"og:image:width\" content=\"1024\" \/>\n\t<meta property=\"og:image:height\" content=\"576\" \/>\n\t<meta property=\"og:image:type\" content=\"image\/png\" \/>\n<meta name=\"twitter:card\" content=\"summary_large_image\" \/>\n<meta name=\"twitter:label1\" content=\"Est. reading time\" \/>\n\t<meta name=\"twitter:data1\" content=\"2 minutes\" \/>\n<script type=\"application\/ld+json\" class=\"yoast-schema-graph\">{\"@context\":\"https:\/\/schema.org\",\"@graph\":[{\"@type\":\"WebPage\",\"@id\":\"https:\/\/d-nest.be\/index.php\/property\/4255-2\/\",\"url\":\"https:\/\/d-nest.be\/index.php\/property\/4255-2\/\",\"name\":\"Appartements 1 \u00e0 2 chambres \u00e0 vendre \u00e0 Floreffe (7 unit\u00e9s) - D-nest\",\"isPartOf\":{\"@id\":\"https:\/\/d-nest.be\/#website\"},\"primaryImageOfPage\":{\"@id\":\"https:\/\/d-nest.be\/index.php\/property\/4255-2\/#primaryimage\"},\"image\":{\"@id\":\"https:\/\/d-nest.be\/index.php\/property\/4255-2\/#primaryimage\"},\"thumbnailUrl\":\"https:\/\/d-nest.be\/wp-content\/uploads\/2026\/03\/Image2.png\",\"datePublished\":\"2022-12-31T14:22:26+00:00\",\"dateModified\":\"2026-03-14T14:46:24+00:00\",\"breadcrumb\":{\"@id\":\"https:\/\/d-nest.be\/index.php\/property\/4255-2\/#breadcrumb\"},\"inLanguage\":\"en-US\",\"potentialAction\":[{\"@type\":\"ReadAction\",\"target\":[\"https:\/\/d-nest.be\/index.php\/property\/4255-2\/\"]}]},{\"@type\":\"ImageObject\",\"inLanguage\":\"en-US\",\"@id\":\"https:\/\/d-nest.be\/index.php\/property\/4255-2\/#primaryimage\",\"url\":\"https:\/\/d-nest.be\/wp-content\/uploads\/2026\/03\/Image2.png\",\"contentUrl\":\"https:\/\/d-nest.be\/wp-content\/uploads\/2026\/03\/Image2.png\",\"width\":1920,\"height\":1080},{\"@type\":\"BreadcrumbList\",\"@id\":\"https:\/\/d-nest.be\/index.php\/property\/4255-2\/#breadcrumb\",\"itemListElement\":[{\"@type\":\"ListItem\",\"position\":1,\"name\":\"Accueil\",\"item\":\"https:\/\/d-nest.be\/\"},{\"@type\":\"ListItem\",\"position\":2,\"name\":\"Propri\u00e9t\u00e9s\",\"item\":\"https:\/\/d-nest.be\/index.php\/property\/\"},{\"@type\":\"ListItem\",\"position\":3,\"name\":\"Appartements 1 \u00e0 2 chambres \u00e0 vendre \u00e0 Floreffe (7 unit\u00e9s)\"}]},{\"@type\":\"WebSite\",\"@id\":\"https:\/\/d-nest.be\/#website\",\"url\":\"https:\/\/d-nest.be\/\",\"name\":\"D-nest\",\"description\":\"\",\"publisher\":{\"@id\":\"https:\/\/d-nest.be\/#organization\"},\"potentialAction\":[{\"@type\":\"SearchAction\",\"target\":{\"@type\":\"EntryPoint\",\"urlTemplate\":\"https:\/\/d-nest.be\/?s={search_term_string}\"},\"query-input\":{\"@type\":\"PropertyValueSpecification\",\"valueRequired\":true,\"valueName\":\"search_term_string\"}}],\"inLanguage\":\"en-US\"},{\"@type\":\"Organization\",\"@id\":\"https:\/\/d-nest.be\/#organization\",\"name\":\"D-nest\",\"url\":\"https:\/\/d-nest.be\/\",\"logo\":{\"@type\":\"ImageObject\",\"inLanguage\":\"en-US\",\"@id\":\"https:\/\/d-nest.be\/#\/schema\/logo\/image\/\",\"url\":\"https:\/\/d-nest.be\/wp-content\/uploads\/2024\/01\/3-dnest-fullcolor.png\",\"contentUrl\":\"https:\/\/d-nest.be\/wp-content\/uploads\/2024\/01\/3-dnest-fullcolor.png\",\"width\":1520,\"height\":682,\"caption\":\"D-nest\"},\"image\":{\"@id\":\"https:\/\/d-nest.be\/#\/schema\/logo\/image\/\"}}]}<\/script>\n<!-- \/ Yoast SEO plugin. -->","yoast_head_json":{"title":"Appartements 1 \u00e0 2 chambres \u00e0 vendre \u00e0 Floreffe (7 unit\u00e9s) - D-nest","robots":{"index":"index","follow":"follow","max-snippet":"max-snippet:-1","max-image-preview":"max-image-preview:large","max-video-preview":"max-video-preview:-1"},"canonical":"https:\/\/d-nest.be\/index.php\/property\/4255-2\/","og_locale":"en_US","og_type":"article","og_title":"Appartements 1 \u00e0 2 chambres \u00e0 vendre \u00e0 Floreffe (7 unit\u00e9s) - D-nest","og_description":"FLOREFFE, Id\u00e9alement situ\u00e9 aux portes de Namur, \u00e0 proximit\u00e9 de la gare et de toutes les commodit\u00e9s, et \u00e0 5 minutes de la E42, le projet \u00ab Le C\u00e9lestin \u00bb vous propose un ensemble de 7 appartements de 1 \u00e0 2 chambres de 66 \u00e0 114 m\u00b2. Les appartements disposent tous d&#8217;un ext\u00e9rieur (jardin, terrasse [&hellip;]","og_url":"https:\/\/d-nest.be\/index.php\/property\/4255-2\/","og_site_name":"D-nest","article_modified_time":"2026-03-14T14:46:24+00:00","og_image":[{"width":1024,"height":576,"url":"https:\/\/d-nest.be\/wp-content\/uploads\/2026\/03\/Image2-1024x576.png","type":"image\/png"}],"twitter_card":"summary_large_image","twitter_misc":{"Est. reading time":"2 minutes"},"schema":{"@context":"https:\/\/schema.org","@graph":[{"@type":"WebPage","@id":"https:\/\/d-nest.be\/index.php\/property\/4255-2\/","url":"https:\/\/d-nest.be\/index.php\/property\/4255-2\/","name":"Appartements 1 \u00e0 2 chambres \u00e0 vendre \u00e0 Floreffe (7 unit\u00e9s) - D-nest","isPartOf":{"@id":"https:\/\/d-nest.be\/#website"},"primaryImageOfPage":{"@id":"https:\/\/d-nest.be\/index.php\/property\/4255-2\/#primaryimage"},"image":{"@id":"https:\/\/d-nest.be\/index.php\/property\/4255-2\/#primaryimage"},"thumbnailUrl":"https:\/\/d-nest.be\/wp-content\/uploads\/2026\/03\/Image2.png","datePublished":"2022-12-31T14:22:26+00:00","dateModified":"2026-03-14T14:46:24+00:00","breadcrumb":{"@id":"https:\/\/d-nest.be\/index.php\/property\/4255-2\/#breadcrumb"},"inLanguage":"en-US","potentialAction":[{"@type":"ReadAction","target":["https:\/\/d-nest.be\/index.php\/property\/4255-2\/"]}]},{"@type":"ImageObject","inLanguage":"en-US","@id":"https:\/\/d-nest.be\/index.php\/property\/4255-2\/#primaryimage","url":"https:\/\/d-nest.be\/wp-content\/uploads\/2026\/03\/Image2.png","contentUrl":"https:\/\/d-nest.be\/wp-content\/uploads\/2026\/03\/Image2.png","width":1920,"height":1080},{"@type":"BreadcrumbList","@id":"https:\/\/d-nest.be\/index.php\/property\/4255-2\/#breadcrumb","itemListElement":[{"@type":"ListItem","position":1,"name":"Accueil","item":"https:\/\/d-nest.be\/"},{"@type":"ListItem","position":2,"name":"Propri\u00e9t\u00e9s","item":"https:\/\/d-nest.be\/index.php\/property\/"},{"@type":"ListItem","position":3,"name":"Appartements 1 \u00e0 2 chambres \u00e0 vendre \u00e0 Floreffe (7 unit\u00e9s)"}]},{"@type":"WebSite","@id":"https:\/\/d-nest.be\/#website","url":"https:\/\/d-nest.be\/","name":"D-nest","description":"","publisher":{"@id":"https:\/\/d-nest.be\/#organization"},"potentialAction":[{"@type":"SearchAction","target":{"@type":"EntryPoint","urlTemplate":"https:\/\/d-nest.be\/?s={search_term_string}"},"query-input":{"@type":"PropertyValueSpecification","valueRequired":true,"valueName":"search_term_string"}}],"inLanguage":"en-US"},{"@type":"Organization","@id":"https:\/\/d-nest.be\/#organization","name":"D-nest","url":"https:\/\/d-nest.be\/","logo":{"@type":"ImageObject","inLanguage":"en-US","@id":"https:\/\/d-nest.be\/#\/schema\/logo\/image\/","url":"https:\/\/d-nest.be\/wp-content\/uploads\/2024\/01\/3-dnest-fullcolor.png","contentUrl":"https:\/\/d-nest.be\/wp-content\/uploads\/2024\/01\/3-dnest-fullcolor.png","width":1520,"height":682,"caption":"D-nest"},"image":{"@id":"https:\/\/d-nest.be\/#\/schema\/logo\/image\/"}}]}},"_links":{"self":[{"href":"https:\/\/d-nest.be\/index.php\/wp-json\/wp\/v2\/properties\/4255","targetHints":{"allow":["GET"]}}],"collection":[{"href":"https:\/\/d-nest.be\/index.php\/wp-json\/wp\/v2\/properties"}],"about":[{"href":"https:\/\/d-nest.be\/index.php\/wp-json\/wp\/v2\/types\/rem_property"}],"author":[{"embeddable":true,"href":"https:\/\/d-nest.be\/index.php\/wp-json\/wp\/v2\/users\/2"}],"wp:featuredmedia":[{"embeddable":true,"href":"https:\/\/d-nest.be\/index.php\/wp-json\/wp\/v2\/media\/4260"}],"wp:attachment":[{"href":"https:\/\/d-nest.be\/index.php\/wp-json\/wp\/v2\/media?parent=4255"}],"wp:term":[{"taxonomy":"rem_property_cat","embeddable":true,"href":"https:\/\/d-nest.be\/index.php\/wp-json\/wp\/v2\/rem_property_cat?post=4255"}],"curies":[{"name":"wp","href":"https:\/\/api.w.org\/{rel}","templated":true}]}}

Appartements 1 à 2 chambres à vendre à Floreffe (7 unités)

<p>FLOREFFE, Idéalement situé aux portes de Namur, à proximité de la gare et de toutes les commodités, et à 5 minutes de la E42, le projet « Le Célestin » vous propose un ensemble de 7 appartements de 1 à 2 chambres de 66 à 114 m². Les appartements disposent tous d&#8217;un extérieur (jardin, terrasse ou balcon) ainsi que d&#8217;un espace jardin commun. Ils sont conçus avec des matériaux de qualité et aux finitions soignées, avec une excellente isolation acoustique et thermique. Tous les appartements comprennent une cuisine équipée ainsi qu&#8217;une salle d&#8217;eau avec douche ou bain et douche. Chauffage central gaz avec chaudière à condensation individuelle, châssis double vitrage en PVC ou alu, ventilation double flux, ascenseur, vidéophone. Local poubelle et box vélo individuel et 1 emplacement de parking extérieur inclus. PEB prévisionnel « A ». Vente sous régime TVA à 6% sous certaines conditions (*)<br />
Livraison prévue fin 2027<br />
Site promotionnel: https://lecelestin.be/<br />
A découvrir chez D-nest Immobilière au 0492/088826<br />
*Tva à 21% sur la partie &#8220;technique chauffage&#8221; du bien</p>
<p>Un projet développé par &#8220;Immo VJ&#8221; et le bureau d&#8217;architecture &#8220;Stéphanie Dejaiffe&#8221;</p>
<p>Composition du projet:</p>
<p>2 appartements 1 chambre de 66 et 69m², prix à partir de 222.000€ htva<br />
5 appartements 2 chambres de 94 à 114m², prix à partir de 302.000€ htva</p>
<p>Technique et équipements:</p>
<p>Chauffage sol, chaudière à condensation individuelle au gaz de ville<br />
Thermostat modulant programmable<br />
Châssis DV PVC ou alu<br />
Ventilation double flux<br />
PEB prévisionnel &#8220;A&#8221; (E spécifique comprise entre 59 et 79 kWh/an.m²)<br />
Ascenseur<br />
Vidéophone<br />
Cuisine équipée<br />
Mobilier et équipement de salle d&#8217;eau complets<br />
Box à vélo individuel<br />
1 place de parking extérieure comprise</p>

<p>FLOREFFE, Idéalement situé aux portes de Namur, à proximité de la gare et de toutes les commodités, et à 5 minutes de la E42, le projet « Le Célestin » vous propose un ensemble de 7 appartements de 1 à 2 chambres de 66 à 114 m². Les appartements disposent tous d&#8217;un extérieur (jardin, terrasse [&hellip;]</p>

<!-- This site is optimized with the Yoast SEO plugin v24.6 - https://yoast.com/wordpress/plugins/seo/ -->
<title>Appartements 1 à 2 chambres à vendre à Floreffe (7 unités) - D-nest</title>
<meta name="robots" content="index, follow, max-snippet:-1, max-image-preview:large, max-video-preview:-1" />
<link rel="canonical" href="https://d-nest.be/index.php/property/4255-2/" />
<meta property="og:locale" content="en_US" />
<meta property="og:type" content="article" />
<meta property="og:title" content="Appartements 1 à 2 chambres à vendre à Floreffe (7 unités) - D-nest" />
<meta property="og:description" content="FLOREFFE, Idéalement situé aux portes de Namur, à proximité de la gare et de toutes les commodités, et à 5 minutes de la E42, le projet « Le Célestin » vous propose un ensemble de 7 appartements de 1 à 2 chambres de 66 à 114 m². Les appartements disposent tous d&#8217;un extérieur (jardin, terrasse [&hellip;]" />
<meta property="og:url" content="https://d-nest.be/index.php/property/4255-2/" />
<meta property="og:site_name" content="D-nest" />
<meta property="article:modified_time" content="2026-03-14T14:46:24+00:00" />
<meta property="og:image" content="https://d-nest.be/wp-content/uploads/2026/03/Image2-1024x576.png" />
	<meta property="og:image:width" content="1024" />
	<meta property="og:image:height" content="576" />
	<meta property="og:image:type" content="image/png" />
<meta name="twitter:card" content="summary_large_image" />
<meta name="twitter:label1" content="Est. reading time" />
	<meta name="twitter:data1" content="2 minutes" />
<script type="application/ld+json" class="yoast-schema-graph">{"@context":"https://schema.org","@graph":[{"@type":"WebPage","@id":"https://d-nest.be/index.php/property/4255-2/","url":"https://d-nest.be/index.php/property/4255-2/","name":"Appartements 1 à 2 chambres à vendre à Floreffe (7 unités) - D-nest","isPartOf":{"@id":"https://d-nest.be/#website"},"primaryImageOfPage":{"@id":"https://d-nest.be/index.php/property/4255-2/#primaryimage"},"image":{"@id":"https://d-nest.be/index.php/property/4255-2/#primaryimage"},"thumbnailUrl":"https://d-nest.be/wp-content/uploads/2026/03/Image2.png","datePublished":"2022-12-31T14:22:26+00:00","dateModified":"2026-03-14T14:46:24+00:00","breadcrumb":{"@id":"https://d-nest.be/index.php/property/4255-2/#breadcrumb"},"inLanguage":"en-US","potentialAction":[{"@type":"ReadAction","target":["https://d-nest.be/index.php/property/4255-2/"]}]},{"@type":"ImageObject","inLanguage":"en-US","@id":"https://d-nest.be/index.php/property/4255-2/#primaryimage","url":"https://d-nest.be/wp-content/uploads/2026/03/Image2.png","contentUrl":"https://d-nest.be/wp-content/uploads/2026/03/Image2.png","width":1920,"height":1080},{"@type":"BreadcrumbList","@id":"https://d-nest.be/index.php/property/4255-2/#breadcrumb","itemListElement":[{"@type":"ListItem","position":1,"name":"Accueil","item":"https://d-nest.be/"},{"@type":"ListItem","position":2,"name":"Propriétés","item":"https://d-nest.be/index.php/property/"},{"@type":"ListItem","position":3,"name":"Appartements 1 à 2 chambres à vendre à Floreffe (7 unités)"}]},{"@type":"WebSite","@id":"https://d-nest.be/#website","url":"https://d-nest.be/","name":"D-nest","description":"","publisher":{"@id":"https://d-nest.be/#organization"},"potentialAction":[{"@type":"SearchAction","target":{"@type":"EntryPoint","urlTemplate":"https://d-nest.be/?s={search_term_string}"},"query-input":{"@type":"PropertyValueSpecification","valueRequired":true,"valueName":"search_term_string"}}],"inLanguage":"en-US"},{"@type":"Organization","@id":"https://d-nest.be/#organization","name":"D-nest","url":"https://d-nest.be/","logo":{"@type":"ImageObject","inLanguage":"en-US","@id":"https://d-nest.be/#/schema/logo/image/","url":"https://d-nest.be/wp-content/uploads/2024/01/3-dnest-fullcolor.png","contentUrl":"https://d-nest.be/wp-content/uploads/2024/01/3-dnest-fullcolor.png","width":1520,"height":682,"caption":"D-nest"},"image":{"@id":"https://d-nest.be/#/schema/logo/image/"}}]}</script>
<!-- / Yoast SEO plugin. -->

Appartements 1 à 2 chambres à vendre à Floreffe (7 unités) - D-nest

FLOREFFE, Idéalement situé aux portes de Namur, à proximité de la gare et de toutes les commodités, et à 5 minutes de la E42, le projet « Le Célestin » vous propose un ensemble de 7 appartements de 1 à 2 chambres de 66 à 114 m². Les appartements disposent tous d&#8217;un extérieur (jardin, terrasse [&hellip;]

Propriétés
